[INFO] fetching crate brb_dt_at2 1.0.6...
[INFO] building brb_dt_at2-1.0.6 against master#ff34b919075f35a1787659e9c448a34b06bab8de for issue-85264
[INFO] extracting crate brb_dt_at2 1.0.6 into /workspace/builds/worker-14/source
[INFO] validating manifest of crates.io crate brb_dt_at2 1.0.6 on toolchain ff34b919075f35a1787659e9c448a34b06bab8de
[INFO] running `Command { std: "/workspace/cargo-home/bin/cargo" "+ff34b919075f35a1787659e9c448a34b06bab8de" "metadata" "--manifest-path" "Cargo.toml" "--no-deps", kill_on_drop: false }`
[INFO] started tweaking crates.io crate brb_dt_at2 1.0.6
[INFO] finished tweaking crates.io crate brb_dt_at2 1.0.6
[INFO] tweaked toml for crates.io crate brb_dt_at2 1.0.6 written to /workspace/builds/worker-14/source/Cargo.toml
[INFO] running `Command { std: "/workspace/cargo-home/bin/cargo" "+ff34b919075f35a1787659e9c448a34b06bab8de" "generate-lockfile" "--manifest-path" "Cargo.toml" "-Zno-index-update", kill_on_drop: false }`
[INFO] running `Command { std: "/workspace/cargo-home/bin/cargo" "+ff34b919075f35a1787659e9c448a34b06bab8de" "fetch" "--manifest-path" "Cargo.toml", kill_on_drop: false }`
[INFO] running `Command { std: "docker" "create" "-v" "/var/lib/crater-agent-workspace/builds/worker-14/target:/opt/rustwide/target:rw,Z" "-v" "/var/lib/crater-agent-workspace/builds/worker-14/source:/opt/rustwide/workdir:ro,Z" "-v" "/var/lib/crater-agent-workspace/cargo-home:/opt/rustwide/cargo-home:ro,Z" "-v" "/var/lib/crater-agent-workspace/rustup-home:/opt/rustwide/rustup-home:ro,Z" "-e" "SOURCE_DIR=/opt/rustwide/workdir" "-e" "CARGO_TARGET_DIR=/opt/rustwide/target" "-e" "CARGO_HOME=/opt/rustwide/cargo-home" "-e" "RUSTUP_HOME=/opt/rustwide/rustup-home" "-w" "/opt/rustwide/workdir" "-m" "1610612736" "--user" "0:0" "--network" "none" "ghcr.io/rust-lang/crates-build-env/linux@sha256:20528e8c29e4536546f0102ce88568b16ea7538393a33fcca951030f7af10457" "/opt/rustwide/cargo-home/bin/cargo" "+ff34b919075f35a1787659e9c448a34b06bab8de" "metadata" "--no-deps" "--format-version=1", kill_on_drop: false }`
[INFO] [stdout] 2536ddd9f1516739eabde0d6b2c34af00d9570fe6508bca62403e40b505be952
[INFO] [stderr] WARNING: Your kernel does not support swap limit capabilities or the cgroup is not mounted. Memory limited without swap.
[INFO] running `Command { std: "docker" "start" "-a" "2536ddd9f1516739eabde0d6b2c34af00d9570fe6508bca62403e40b505be952", kill_on_drop: false }`
[INFO] running `Command { std: "docker" "inspect" "2536ddd9f1516739eabde0d6b2c34af00d9570fe6508bca62403e40b505be952", kill_on_drop: false }`
[INFO] running `Command { std: "docker" "rm" "-f" "2536ddd9f1516739eabde0d6b2c34af00d9570fe6508bca62403e40b505be952", kill_on_drop: false }`
[INFO] [stdout] 2536ddd9f1516739eabde0d6b2c34af00d9570fe6508bca62403e40b505be952
[INFO] running `Command { std: "docker" "create" "-v" "/var/lib/crater-agent-workspace/builds/worker-14/target:/opt/rustwide/target:rw,Z" "-v" "/var/lib/crater-agent-workspace/builds/worker-14/source:/opt/rustwide/workdir:ro,Z" "-v" "/var/lib/crater-agent-workspace/cargo-home:/opt/rustwide/cargo-home:ro,Z" "-v" "/var/lib/crater-agent-workspace/rustup-home:/opt/rustwide/rustup-home:ro,Z" "-e" "SOURCE_DIR=/opt/rustwide/workdir" "-e" "CARGO_TARGET_DIR=/opt/rustwide/target" "-e" "CARGO_INCREMENTAL=0" "-e" "RUST_BACKTRACE=full" "-e" "RUSTFLAGS=--cap-lints=forbid" "-e" "CARGO_HOME=/opt/rustwide/cargo-home" "-e" "RUSTUP_HOME=/opt/rustwide/rustup-home" "-w" "/opt/rustwide/workdir" "-m" "1610612736" "--user" "0:0" "--network" "none" "ghcr.io/rust-lang/crates-build-env/linux@sha256:20528e8c29e4536546f0102ce88568b16ea7538393a33fcca951030f7af10457" "/opt/rustwide/cargo-home/bin/cargo" "+ff34b919075f35a1787659e9c448a34b06bab8de" "build" "--frozen" "--message-format=json", kill_on_drop: false }`
[INFO] [stdout] e7be534e157bd25406e37d9ffdfbc4e589d836ae89947e63930303fb7f87ae7d
[INFO] [stderr] WARNING: Your kernel does not support swap limit capabilities or the cgroup is not mounted. Memory limited without swap.
[INFO] running `Command { std: "docker" "start" "-a" "e7be534e157bd25406e37d9ffdfbc4e589d836ae89947e63930303fb7f87ae7d", kill_on_drop: false }`
[INFO] [stderr]    Compiling proc-macro2 v1.0.27
[INFO] [stderr]    Compiling unicode-xid v0.2.2
[INFO] [stderr]    Compiling syn v1.0.72
[INFO] [stderr]    Compiling cfg-if v1.0.0
[INFO] [stderr]    Compiling libc v0.2.95
[INFO] [stderr]    Compiling autocfg v1.0.1
[INFO] [stderr]    Compiling serde_derive v1.0.126
[INFO] [stderr]    Compiling getrandom v0.1.16
[INFO] [stderr]    Compiling serde v1.0.126
[INFO] [stderr]    Compiling version_check v0.9.3
[INFO] [stderr]    Compiling typenum v1.13.0
[INFO] [stderr]    Compiling memchr v2.4.0
[INFO] [stderr]    Compiling ppv-lite86 v0.2.10
[INFO] [stderr]    Compiling log v0.4.14
[INFO] [stderr]    Compiling regex-syntax v0.6.25
[INFO] [stderr]    Compiling opaque-debug v0.3.0
[INFO] [stderr]    Compiling either v1.6.1
[INFO] [stderr]    Compiling byteorder v1.4.3
[INFO] [stderr]    Compiling subtle v2.4.0
[INFO] [stderr]    Compiling cpufeatures v0.1.4
[INFO] [stderr]    Compiling signature v1.3.0
[INFO] [stderr]    Compiling radium v0.3.0
[INFO] [stderr]    Compiling hex v0.4.3
[INFO] [stderr]    Compiling num-traits v0.2.14
[INFO] [stderr]    Compiling num-integer v0.1.44
[INFO] [stderr]    Compiling num-bigint v0.2.6
[INFO] [stderr]    Compiling generic-array v0.14.4
[INFO] [stderr]    Compiling quote v1.0.9
[INFO] [stderr]    Compiling aho-corasick v0.7.18
[INFO] [stderr]    Compiling getrandom v0.2.3
[INFO] [stderr]    Compiling rand_core v0.5.1
[INFO] [stderr]    Compiling rand_core v0.6.2
[INFO] [stderr]    Compiling rand_chacha v0.2.2
[INFO] [stderr]    Compiling rand_chacha v0.3.0
[INFO] [stderr]    Compiling rand v0.7.3
[INFO] [stderr]    Compiling rand v0.8.3
[INFO] [stderr]    Compiling digest v0.9.0
[INFO] [stderr]    Compiling block-buffer v0.9.0
[INFO] [stderr]    Compiling sha2 v0.9.5
[INFO] [stderr]    Compiling regex v1.5.4
[INFO] [stderr]    Compiling env_logger v0.7.1
[INFO] [stderr]    Compiling synstructure v0.12.4
[INFO] [stderr]    Compiling quickcheck v0.9.2
[INFO] [stderr]    Compiling zeroize_derive v1.1.0
[INFO] [stderr]    Compiling thiserror-impl v1.0.25
[INFO] [stderr]    Compiling zeroize v1.3.0
[INFO] [stderr]    Compiling curve25519-dalek v3.1.0
[INFO] [stderr]    Compiling thiserror v1.0.25
[INFO] [stderr]    Compiling serde_bytes v0.11.5
[INFO] [stderr]    Compiling ed25519 v1.1.1
[INFO] [stderr]    Compiling bitvec v0.17.4
[INFO] [stderr]    Compiling bincode v1.3.3
[INFO] [stderr]    Compiling ed25519-dalek v1.0.1
[INFO] [stderr]    Compiling crdts v5.1.0
[INFO] [stderr]    Compiling brb_membership v1.0.8
[INFO] [stderr]    Compiling brb v1.0.8
[INFO] [stderr]    Compiling brb_dt_at2 v1.0.6 (/opt/rustwide/workdir)
[INFO] [stderr]     Finished dev [unoptimized + debuginfo] target(s) in 1m 34s
[INFO] running `Command { std: "docker" "inspect" "e7be534e157bd25406e37d9ffdfbc4e589d836ae89947e63930303fb7f87ae7d", kill_on_drop: false }`
[INFO] running `Command { std: "docker" "rm" "-f" "e7be534e157bd25406e37d9ffdfbc4e589d836ae89947e63930303fb7f87ae7d", kill_on_drop: false }`
[INFO] [stdout] e7be534e157bd25406e37d9ffdfbc4e589d836ae89947e63930303fb7f87ae7d
[INFO] running `Command { std: "docker" "create" "-v" "/var/lib/crater-agent-workspace/builds/worker-14/target:/opt/rustwide/target:rw,Z" "-v" "/var/lib/crater-agent-workspace/builds/worker-14/source:/opt/rustwide/workdir:ro,Z" "-v" "/var/lib/crater-agent-workspace/cargo-home:/opt/rustwide/cargo-home:ro,Z" "-v" "/var/lib/crater-agent-workspace/rustup-home:/opt/rustwide/rustup-home:ro,Z" "-e" "SOURCE_DIR=/opt/rustwide/workdir" "-e" "CARGO_TARGET_DIR=/opt/rustwide/target" "-e" "CARGO_INCREMENTAL=0" "-e" "RUST_BACKTRACE=full" "-e" "RUSTFLAGS=--cap-lints=forbid" "-e" "CARGO_HOME=/opt/rustwide/cargo-home" "-e" "RUSTUP_HOME=/opt/rustwide/rustup-home" "-w" "/opt/rustwide/workdir" "-m" "1610612736" "--user" "0:0" "--network" "none" "ghcr.io/rust-lang/crates-build-env/linux@sha256:20528e8c29e4536546f0102ce88568b16ea7538393a33fcca951030f7af10457" "/opt/rustwide/cargo-home/bin/cargo" "+ff34b919075f35a1787659e9c448a34b06bab8de" "test" "--frozen" "--no-run" "--message-format=json", kill_on_drop: false }`
[INFO] [stdout] bae444ceb44e6b48d4ff1260d5185d3502b93c79b5722b31418963370349d1fb
[INFO] [stderr] WARNING: Your kernel does not support swap limit capabilities or the cgroup is not mounted. Memory limited without swap.
[INFO] running `Command { std: "docker" "start" "-a" "bae444ceb44e6b48d4ff1260d5185d3502b93c79b5722b31418963370349d1fb", kill_on_drop: false }`
[INFO] [stderr]    Compiling brb_dt_at2 v1.0.6 (/opt/rustwide/workdir)
[INFO] [stdout] error[E0599]: no method named `on_proc` found for struct `Net<Bank<brb::net::Actor>>` in the current scope
[INFO] [stdout]   --> tests/brb_bank_net.rs:21:16
[INFO] [stdout]    |
[INFO] [stdout] 21 |         self.0.on_proc(pov, |p| p.dt.balance(account))
[INFO] [stdout]    |                ^^^^^^^ method not found in `Net<Bank<brb::net::Actor>>`
[INFO] [stdout] 
[INFO] [stdout] 
[INFO] [stdout] error[E0599]: no method named `on_proc` found for struct `Net<Bank<brb::net::Actor>>` in the current scope
[INFO] [stdout]   --> tests/brb_bank_net.rs:30:16
[INFO] [stdout]    |
[INFO] [stdout] 30 |         self.0.on_proc(&initiating_proc, |p| {
[INFO] [stdout]    |                ^^^^^^^ method not found in `Net<Bank<brb::net::Actor>>`
[INFO] [stdout] 
[INFO] [stdout] 
[INFO] [stdout] error[E0599]: no method named `on_proc` found for struct `Net<Bank<brb::net::Actor>>` in the current scope
[INFO] [stdout]   --> tests/brb_bank_net.rs:43:16
[INFO] [stdout]    |
[INFO] [stdout] 43 |         self.0.on_proc(&initiating_proc, |p| {
[INFO] [stdout]    |                ^^^^^^^ method not found in `Net<Bank<brb::net::Actor>>`
[INFO] [stdout] 
[INFO] [stdout] 
[INFO] [stdout] error[E0599]: no method named `on_proc_mut` found for struct `Net<Bank<brb::net::Actor>>` in the current scope
[INFO] [stdout]   --> tests/brb_bank_net.rs:61:14
[INFO] [stdout]    |
[INFO] [stdout] 61 |             .on_proc_mut(&genesis_actor, |p| p.force_join(genesis_actor))
[INFO] [stdout]    |              ^^^^^^^^^^^ help: there is an associated function with a similar name: `proc_mut`
[INFO] [stdout] 
[INFO] [stdout] 
[INFO] [stdout] error[E0599]: no method named `on_proc_mut` found for struct `Net<Bank<brb::net::Actor>>` in the current scope
[INFO] [stdout]   --> tests/brb_bank_net.rs:72:19
[INFO] [stdout]    |
[INFO] [stdout] 72 |             net.0.on_proc_mut(&actor, |p| p.force_join(genesis_actor));
[INFO] [stdout]    |                   ^^^^^^^^^^^ help: there is an associated function with a similar name: `proc_mut`
[INFO] [stdout] 
[INFO] [stdout] 
[INFO] [stdout] error[E0599]: no method named `on_proc_mut` found for struct `Net<Bank<brb::net::Actor>>` in the current scope
[INFO] [stdout]   --> tests/brb_bank_net.rs:75:18
[INFO] [stdout]    |
[INFO] [stdout] 75 |                 .on_proc_mut(&genesis_actor, |p| p.request_membership(actor).unwrap())
[INFO] [stdout]    |                  ^^^^^^^^^^^ help: there is an associated function with a similar name: `proc_mut`
[INFO] [stdout] 
[INFO] [stdout] 
[INFO] [stdout] error: aborting due to 6 previous errors
[INFO] [stdout] 
[INFO] [stdout] 
[INFO] [stdout] For more information about this error, try `rustc --explain E0599`.
[INFO] [stdout] 
[INFO] [stderr] error: could not compile `brb_dt_at2`
[INFO] [stderr] 
[INFO] [stderr] To learn more, run the command again with --verbose.
[INFO] running `Command { std: "docker" "inspect" "bae444ceb44e6b48d4ff1260d5185d3502b93c79b5722b31418963370349d1fb", kill_on_drop: false }`
[INFO] running `Command { std: "docker" "rm" "-f" "bae444ceb44e6b48d4ff1260d5185d3502b93c79b5722b31418963370349d1fb", kill_on_drop: false }`
[INFO] [stdout] bae444ceb44e6b48d4ff1260d5185d3502b93c79b5722b31418963370349d1fb
